to base 4.
1113021110
-106057 (base 9) to base 10
-63475
Convert 20403376 (base 8) to base 2.
10000100000011011111110
-2002311333 (base 4) to base 6
-15253103
2401132 (base 6) to base 10
124688
Convert -393c7 (base 14) to base 2.
-100010010110100011
What is 110111001101011000111001 (base 2) in base 11?
8195666
Convert -21912 (base 10) to base 11.
-15510
314251 (base 8) to base 9
168451
Convert -551115 (base 6) to base 12.
-2249b
What is 8086318 (base 9) in base 5?
2100334100
Convert 11010000011100111 (base 2) to base 14.
2ac75
19b251 (base 13) to base 12
275a15
-222357 (base 8) to base 11
-51384
What is 451474 (base 8) in base 11?
a4538
What is -22020011012 (base 4) in base 10?
-2654534
What is 8171 (base 15) in base 2?
110101011000011
2105255 (base 8) to base 4
2020222231
202202112200011 (base 3) to base 9
22675604
Convert -110000111010100101010 (base 2) to base 7.
-16424025
Convert -3415852 (base 9) to base 11.
-1048539
3626257 (base 9) to base 13
53b00c
What is 1b9061 (base 12) in base 8?
1702011
8e84 (base 15) to base 10
30274
Convert -133b2 (base 14) to base 7.
-255112
9c5d1 (base 14) to base 6
12050255
What is 3142422032 (base 5) in base 4?
121031032113
-8887427 (base 9) to base 5
-2211004420
What is 11221000122110 (base 3) in base 7?
31153362
Convert -16408c (base 14) to base 6.
-24412232
95100 (base 10) to base 3
11211110020
19a293 (base 12) to base 15
8e3e0
What is 39851 (base 12) in base 7?
446146
What is -6390733 (base 12) in base 8?
-107720427
What is aa442 (base 15) in base 11?
33a484
What is -10172840 (base 9) in base 3?
-100012102221100
What is -153559 (base 12) in base 15?
-71340
1444401 (base 5) to base 12
160a2
Convert 4132131141 (base 5) to base 16.
814d41
-881784 (base 12) to base 5
-1023100010
What is -21350422 (base 6) in base 10?
-636494
Convert 1000203201 (base 4) to base 5.
31430132
-1101335 (base 8) to base 16
-482dd
Convert 1996660 (base 10) to base 3.
10202102220101
1906ea (base 15) to base 12
4a804a
What is 30cc67 (base 13) in base 6?
40252404
347a09 (base 11) to base 9
1031484
-212525 (base 8) to base 3
-10121101112
-3314052 (base 9) to base 12
-71a802
What is -1906c (base 15) in base 9?
-133223
Convert -1a20a0 (base 11) to base 4.
-1023233121
Convert 2524814 (base 10) to base 7.
30313655
15370a (base 11) to base 7
2014050
Convert 478ba0 (base 16) to base 15.
62941a
Convert 100100010101011100111 (base 2) to base 15.
187ba6
Convert -d59e7 (base 16) to base 8.
-3254747
6116736 (base 10) to base 6
335034120
Convert -123a3a (base 12) to base 11.
-193137
What is 22123 (base 9) in base 13?
68b5
Convert -102110201020 (base 3) to base 16.
-371f4
What is -946294 (base 10) in base 6?
-32140554
What is -2103254 (base 6) in base 14?
-29186
What is -15d576 (base 15) in base 3?
-1222201202210
-83d799 (base 14) to base 4
-100333221223
Convert -b66a3 (base 13) to base 4.
-1100030310
What is 418324 (base 10) in base 15?
83e34
-240400433 (base 6) to base 4
-101031020211
What is -22202031 (base 4) in base 6?
-531433
What is -320352214 (base 6) in base 16?
-55e472
3098a0 (base 14) to base 2
110010000010111000100
Convert 472b4 (base 12) to base 3.
11211221201
-bd1bd (base 14) to base 7
-3620026
Convert -318ce (base 15) to base 3.
-21222200212
What is 1494046 (base 12) in base 13?
b32374
11000000110010100101 (base 2) to base 7
6466146
Convert -185756 (base 9) to base 8.
-342130
What is 32de39 (base 15) in base 12?
990246
1055200150 (base 6) to base 16
b2edc2
What is 543127 (base 8) in base 12?
8929b
62635 (base 10) to base 7
350416
Convert 411766 (base 8) to base 4.
201033312
What is 7028 (base 10) in base 6?
52312
What is 6eab1 (base 15) in base 4?
1112102020
Convert -e043f (base 16) to base 11.
-578173
What is -17cc1c8 (base 13) in base 11?
-4444797
11000011000111111001110 (base 2) to base 5
3114100211
Convert -135262 (base 7) to base 16.
-650b
What is 14227621 (base 8) in base 5?
1311122231
1303301233 (base 5) to base 8
14105603
-2605121 (base 7) to base 4
-1102133333
282cd7 (base 16) to base 5
1133223134
35204206 (base 7) to base 9
5735107
Convert -1200235 (base 6) to base 2.
-1111001101011111
1071966 (base 13) to base 8
23141212
14adc (base 16) to base 12
41024
What is -4034401 (base 6) in base 4?
-232300201
What is 111111001001010101 (base 2) in base 7?
2125032
Convert -10110011011000 (base 2) to base 13.
-52c1
1113703 (base 9) to base 12
24b140
What is -14334414 (base 5) in base 12?
-742b0
What is 2cd4b (base 16) in base 2?
101100110101001011
What is -224726 (base 9) in base 13?
-49428
Convert -1163ba (base 12) to base 13.
-9a8a9
503144552 (base 6) to base 7
132456122
What is 510466 (base 7) in base 9?
141811
Convert -1000011101100010001101 (base 2) to base 5.
-1031440000
-349296 (base 13) to base 11
-782a00
What is -9703d7 (base 14) in base 8?
-23374531
Convert 126544443 (base 7) to base 15.
ac3749
What is -21556 (base 8) in base 3?
-110102221
What is 111422223 (base 5) in base 9?
838650
Convert -36501525 (base 7) to base 15.
-446410
Convert 1788753 (base 13) to base 2.
11101010001010101010111
What is 2504663 (base 7) in base 5?
40233134
Convert -3512468 (base 12) to base 6.
-1003111012
Convert -334148 (base 10) to base 5.
-41143043
Convert -669888 (base 10) to base 3.
-1021000220200
Convert 1000220211012 (base 3) to base 4.
2012022200
Convert -3444044 (base 6) to base 11.
-111104
Convert 5353b (base 14) to base 11.
128301
-4963745 (base 10) to base 2
-10010111011110110100001
What is -2031100030 (base 4) in base 3?
-1002101122121
-11222002222 (base 3) to base 14
-278b4
Convert 650076 (base 8) to base 16.
3503e
Convert 402142421 (base 5) to base 11.
9a29a6
Convert 1203d (base 16) to base 13.
27781
-1063033 (base 12) to base 11
-18388a5
-136543 (base 8) to base 9
-73450
2233616 (base 7) to base 6
5540255
-430422404 (base 5) to base 11
-1027685
What is 424667 (base 8) in base 11?
97555
What is -18617177 (base 9) in base 12?
-31941ba
-214c05 (base 14) to base 10
-1127397
Convert 8b83 (base 12) to base 8.
36223
What is -86183 (base 9) in base 14?
-16aca
-7a12d (base 15) to base 14
-a1785
1a8b95 (base 15) to base 5
312421430
Convert -2ed14 (base 16) to base 12.
-92b84
Convert -100110010011111 (base 2) to base 3.
-222220111
4023422 (base 5) to base 2
1111101011101101
What is 18ea61 (base 16) in base 12?
668b41
Convert -140da1 (base 14) to base 10.
-694177
Convert 7822162 (base 11) to base 10.
13721468
Convert -122301666 (base 7) to base 15.
-a20e96
Convert 2116260 (base 9) to base 10.
1133082
11021212212 (base 3) to base 10
84479
What is -4054656 (base 8) in base 6?
-34544450
Convert -68e8 (base 16) to base 14.
-9b04
What is 1421a5 (base 16) in base 2?
101000010000110100101
170385 (base 13) to base 8
2134674
-384768 (base 10) to base 5
-44303033
What is -187457 (base 15) in base 10?
-1188982
-2137841 (base 11) to base 2
-1110010101100101011010
What is -313022232 (base 4) in base 13?
-7bb10
-10011111001000100100 (base 2) to base 6
-21545352
What is -2034405 (base 6) in base 15?
-1e178
-97339 (base 10) to base 4
-113300323
-102020011201 (base 3) to base 16
-35f56
Convert -102102112000001 (base 3) to base 10.
-6072571
6da404 (base 14) to base 3
21001202022112
Convert 100011010110100000111 (base 2) to base 6.
40454555
What is -1ec377 (base 15) in base 11?
-941053
27b151 (base 14) to base 3
2120212011100
4255442 (base 6) to base 5
23204111
-135863 (base 9) to base 15
-1993c
What is 6bac6 (base 15) in base 9?
572836
12022011312 (base 4) to base 8
6120566
What is -16441 (base 16) in base 12?
-44941
46327 (base 15) to base 4
312203212
1658c7 (base 13) to base 10
555159
Convert 464b4 (base 13) to base 6.
2425425
Convert -12323110 (base 5) to base 15.
-25a20
What is 7034c (base 13) in base 16?
30f32
Convert 860724 (base 9) to base 3.
222000210211
What is -10022120011202 (base 3) in base 5?
-422402400
What is 4894c5 (base 15) in base 12?
11b6488
-18b9a (base 15) to base 16
-13975
What is 312431403 (base 5) in base 7?
14004666
-3920 (base 16) to base 8
-34440
What is 11614722 (base 8) in base 5?
1124000024
4173054 (base 8) to base 11
69a182
-5622436 (base 9) to base 12
-101b4b0
What is e5456 (base 15) in base 6?
23323530
Convert 1b1b4 (base 14) to base 10.
68954
Convert 124643053 (base 7) to base 16.
79fa8c
Convert -317b8c (base 14) to base 